{"version":"1.0","provider_name":"Retraite","provider_url":"https:\/\/www.toutsurmesfinances.com\/retraite","title":"Taux des cotisations retraite 2025 des salari\u00e9s : r\u00e9gime g\u00e9n\u00e9ral, Agirc-Arrco, tableau","type":"rich","width":600,"height":338,"html":"<blockquote class=\"wp-embedded-content\" data-secret=\"usNAGP0oKJ\"><a href=\"https:\/\/www.toutsurmesfinances.com\/retraite\/retraite-les-taux-des-cotisations-des-salaries.html\">Retraite : les taux des cotisations des salari\u00e9s<\/a><\/blockquote><iframe sandbox=\"allow-scripts\" security=\"restricted\" src=\"https:\/\/www.toutsurmesfinances.com\/retraite\/retraite-les-taux-des-cotisations-des-salaries.html\/embed#?secret=usNAGP0oKJ\" width=\"600\" height=\"338\" title=\"\u00ab\u00a0Retraite : les taux des cotisations des salari\u00e9s\u00a0\u00bb &#8212; Retraite\" data-secret=\"usNAGP0oKJ\" frameborder=\"0\" marginwidth=\"0\" marginheight=\"0\" scrolling=\"no\" class=\"wp-embedded-content\"><\/iframe><script>\n\/*! This file is auto-generated *\/\n!function(d,l){\"use strict\";l.querySelector&&d.addEventListener&&\"undefined\"!=typeof URL&&(d.wp=d.wp||{},d.wp.receiveEmbedMessage||(d.wp.receiveEmbedMessage=function(e){var t=e.data;if((t||t.secret||t.message||t.value)&&!\/[^a-zA-Z0-9]\/.test(t.secret)){for(var s,r,n,a=l.querySelectorAll('iframe[data-secret=\"'+t.secret+'\"]'),o=l.querySelectorAll('blockquote[data-secret=\"'+t.secret+'\"]'),c=new RegExp(\"^https?:$\",\"i\"),i=0;i<o.length;i++)o[i].style.display=\"none\";for(i=0;i<a.length;i++)s=a[i],e.source===s.contentWindow&&(s.removeAttribute(\"style\"),\"height\"===t.message?(1e3<(r=parseInt(t.value,10))?r=1e3:~~r<200&&(r=200),s.height=r):\"link\"===t.message&&(r=new URL(s.getAttribute(\"src\")),n=new URL(t.value),c.test(n.protocol))&&n.host===r.host&&l.activeElement===s&&(d.top.location.href=t.value))}},d.addEventListener(\"message\",d.wp.receiveEmbedMessage,!1),l.addEventListener(\"DOMContentLoaded\",function(){for(var e,t,s=l.querySelectorAll(\"iframe.wp-embedded-content\"),r=0;r<s.length;r++)(t=(e=s[r]).getAttribute(\"data-secret\"))||(t=Math.random().toString(36).substring(2,12),e.src+=\"#?secret=\"+t,e.setAttribute(\"data-secret\",t)),e.contentWindow.postMessage({message:\"ready\",secret:t},\"*\")},!1)))}(window,document);\n<\/script>\n","thumbnail_url":"https:\/\/www.toutsurmesfinances.com\/retraite\/wp-content\/uploads\/sites\/4\/2025\/04\/image-retraite-droits.jpg","thumbnail_width":600,"thumbnail_height":400,"description":"Comme tous les actifs, les salari\u00e9s du secteur priv\u00e9 doivent obligatoirement verser des cotisations vieillesse. Les taux et assiettes de cotisation ne sont pas les m\u00eames entre les r\u00e9gimes de retraite de base et de retraite compl\u00e9mentaire."}

Taux des cotisations retraite 2025 des salariés : régime général, Agirc-Arrco, tableau

<blockquote class="wp-embedded-content" data-secret="usNAGP0oKJ"><a href="https://www.toutsurmesfinances.com/retraite/retraite-les-taux-des-cotisations-des-salaries.html">Retraite : les taux des cotisations des salariés</a></blockquote><iframe sandbox="allow-scripts" security="restricted" src="https://www.toutsurmesfinances.com/retraite/retraite-les-taux-des-cotisations-des-salaries.html/embed#?secret=usNAGP0oKJ" width="600" height="338" title="« Retraite : les taux des cotisations des salariés » &#8212; Retraite" data-secret="usNAGP0oKJ" frameborder="0" marginwidth="0" marginheight="0" scrolling="no" class="wp-embedded-content"></iframe><script>
/*! This file is auto-generated */
!function(d,l){"use strict";l.querySelector&&d.addEventListener&&"undefined"!=typeof URL&&(d.wp=d.wp||{},d.wp.receiveEmbedMessage||(d.wp.receiveEmbedMessage=function(e){var t=e.data;if((t||t.secret||t.message||t.value)&&!/[^a-zA-Z0-9]/.test(t.secret)){for(var s,r,n,a=l.querySelectorAll('iframe[data-secret="'+t.secret+'"]'),o=l.querySelectorAll('blockquote[data-secret="'+t.secret+'"]'),c=new RegExp("^https?:$","i"),i=0;i<o.length;i++)o[i].style.display="none";for(i=0;i<a.length;i++)s=a[i],e.source===s.contentWindow&&(s.removeAttribute("style"),"height"===t.message?(1e3<(r=parseInt(t.value,10))?r=1e3:~~r<200&&(r=200),s.height=r):"link"===t.message&&(r=new URL(s.getAttribute("src")),n=new URL(t.value),c.test(n.protocol))&&n.host===r.host&&l.activeElement===s&&(d.top.location.href=t.value))}},d.addEventListener("message",d.wp.receiveEmbedMessage,!1),l.addEventListener("DOMContentLoaded",function(){for(var e,t,s=l.querySelectorAll("iframe.wp-embedded-content"),r=0;r<s.length;r++)(t=(e=s[r]).getAttribute("data-secret"))||(t=Math.random().toString(36).substring(2,12),e.src+="#?secret="+t,e.setAttribute("data-secret",t)),e.contentWindow.postMessage({message:"ready",secret:t},"*")},!1)))}(window,document);
</script>

Comme tous les actifs, les salariés du secteur privé doivent obligatoirement verser des cotisations vieillesse. Les taux et assiettes de cotisation ne sont pas les mêmes entre les régimes de retraite de base et de retraite complémentaire.
